 factors of 794?
2, 397
What are the prime factors of 2649?
3, 883
What are the prime factors of 33680?
2, 5, 421
What are the prime factors of 5578?
2, 2789
What are the prime factors of 449?
449
What are the prime factors of 23073?
3, 7691
List the prime factors of 31051.
31051
List the prime factors of 82183.
82183
What are the prime factors of 58222?
2, 43, 677
What are the prime factors of 8239?
7, 11, 107
List the prime factors of 89247.
3, 71, 419
List the prime factors of 104.
2, 13
What are the prime factors of 424?
2, 53
List the prime factors of 1528.
2, 191
List the prime factors of 8145.
3, 5, 181
List the prime factors of 29246.
2, 7, 2089
List the prime factors of 6305.
5, 13, 97
What are the prime factors of 35735?
5, 7, 1021
What are the prime factors of 66515?
5, 53, 251
List the prime factors of 1220.
2, 5, 61
What are the prime factors of 283?
283
List the prime factors of 26375.
5, 211
List the prime factors of 69462.
2, 3, 17, 227
What are the prime factors of 14444?
2, 23, 157
List the prime factors of 1652.
2, 7, 59
What are the prime factors of 48779?
48779
What are the prime factors of 37?
37
List the prime factors of 1874.
2, 937
List the prime factors of 153352.
2, 29, 661
What are the prime factors of 244?
2, 61
List the prime factors of 3290.
2, 5, 7, 47
What are the prime factors of 684?
2, 3, 19
List the prime factors of 4672.
2, 73
List the prime factors of 1637.
1637
What are the prime factors of 75749?
211, 359
List the prime factors of 949.
13, 73
What are the prime factors of 2082?
2, 3, 347
What are the prime factors of 3856?
2, 241
List the prime factors of 102450.
2, 3, 5, 683
What are the prime factors of 8129?
11, 739
What are the prime factors of 13163?
13163
What are the prime factors of 4156?
2, 1039
What are the prime factors of 11749?
31, 379
List the prime factors of 9387.
3, 7, 149
List the prime factors of 19078.
2, 9539
List the prime factors of 5968.
2, 373
What are the prime factors of 14396?
2, 59, 61
List the prime factors of 10684.
2, 2671
What are the prime factors of 1643?
31, 53
List the prime factors of 1650.
2, 3, 5, 11
What are the prime factors of 788?
2, 197
What are the prime factors of 135783?
3, 47, 107
What are the prime factors of 8722?
2, 7, 89
What are the prime factors of 40492?
2, 53, 191
What are the prime factors of 86?
2, 43
List the prime factors of 32164.
2, 11, 17, 43
What are the prime factors of 680?
2, 5, 17
List the prime factors of 5138.
2, 7, 367
What are the prime factors of 244?
2, 61
List the prime factors of 28187.
71, 397
List the prime factors of 19861.
19861
List the prime factors of 3206.
2, 7, 229
List the prime factors of 6984.
2, 3, 97
What are the prime factors of 559?
13, 43
List the prime factors of 2392.
2, 13, 23
What are the prime factors of 2369?
23, 103
What are the prime factors of 564?
2, 3, 47
List the prime factors of 6274.
2, 3137
List the prime factors of 33560.
2, 5, 839
List the prime factors of 111790.
2, 5, 7, 1597
What are the prime factors of 14334?
2, 3, 2389
List the prime factors of 21373.
11, 29, 67
List the prime factors of 7223.
31, 233
What are the prime factors of 5814?
2, 3, 17, 19
What are the prime factors of 9775?
5, 17, 23
List the prime factors of 78.
2, 3, 13
List the prime factors of 152.
2, 19
List the prime factors of 33140.
2, 5, 1657
List the prime factors of 1192.
2, 149
List the prime factors of 20024.
2, 2503
List the prime factors of 13340.
2, 5, 23, 29
What are the prime factors of 277?
277
What are the prime factors of 2314?
2, 13, 89
What are the prime factors of 34269?
3, 11423
What are the prime factors of 3891?
3, 1297
What are the prime factors of 9219?
3, 7, 439
What are the prime factors of 23095?
5, 31, 149
What are the prime factors of 4561?
4561
What are the prime factors of 438?
2, 3, 73
List the prime factors of 69851.
23, 3037
What are the prime factors of 1524?
2, 3, 127
What are the prime factors of 3740?
2, 5, 11, 17
List the prime factors of 6403.
19, 337
List the prime factors of 12739.
12739
What are the prime factors of 525?
3, 5, 7
What are the prime factors of 97649?
97649
What are the prime factors of 5740?
2, 5, 7, 41
What are the prime factors of 3034?
2, 37, 41
What are the prime factors of 79599?
3, 13, 157
List the prime factors of 2832.
2, 3, 59
List the prime factors of 15891.
3, 5297
What are the prime factors of 22933?
17, 19, 71
What are the prime factors of 3426?
2, 3, 571
List the prime factors of 6688.
2, 11, 19
What are the prime factors of 11206?
2, 13, 431
What are the prime factors of 15609?
3, 11, 43
List the prime factors of 890.
2, 5, 89
List the prime factors of 33.
3, 11
List the prime factors of 25116.
2, 3, 7, 13, 23
What are the prime factors of 19670?
2, 5, 7, 281
List the prime factors of 5783.
5783
What are the prime factors of 6724?
2, 41
What are the prime factors of 1181?
1181
What are the prime factors of 260?
2, 5, 13
List the prime factors of 8072.
2, 1009
List the prime factors of 3364.
2, 29
List the prime factors of 3228.
2, 3, 269
What are the prime factors of 17124?
2, 3, 1427
What are the prime factors of 77394?
2, 3, 12899
List the prime factors of 2785.
5, 557
List the prime factors of 8724.
2, 3, 727
List the prime factors of 2134.
2, 11, 97
List the prime factors of 353.
353
What are the prime factors of 2462?
2, 1231
List the prime factors of 48079.
48079
List the prime factors of 5660.
2, 5, 283
List the prime factors of 1443.
3, 13, 37
What are the prime factors of 761?
761
List the prime factors of 19027.
53, 359
What are the prime factors of 21553?
7, 3079
List the prime factors of 12411.
3, 7, 197
What are the prime factors of 205?
5, 41
List the prime factors of 3183.
3, 1061
List the prime factors of 426.
2, 3, 71
What are the prime factors of 127360?
2, 5, 199
What are the prime factors of 8459?
11, 769
List the prime factors of 69278.
2, 11, 47, 67
What are the prime factors of 132753?
3, 17, 19, 137
List the prime factors of 5334.
2, 3, 7, 127
What are the prime factors of 38868?
2, 3, 41, 79
List the prime factors of 56902.
2, 23, 1237
List the prime factors of 32704.
2, 7, 73
List the prime factors of 27854.
2, 19, 733
List the prime factors of 86705.
5, 17341
What are the prime factors of 2464?
2, 7, 11
List the prime factors of 214.
2, 107
List the prime factors of 124.
2, 31
List the prime factors of 9415.
5, 7, 269
List the prime factors of 192.
2, 3
What are the prime factors of 3999?
3, 31, 43
List the prime factors of 92604.
2, 3, 7717
What are the prime factors of 357?
3, 7, 17
What are the prime factors of 25426?
2, 12713
What are the prime factors of 1211?
7, 173
What are the prime factors of 11980?
2, 5, 599
List the prime factors of 11561.
11, 1051
What are the prime factors of 14580?
2, 3, 5
What are the prime factors of 60254?
2, 47, 641
What are the prime factors of 3656?
2, 457
List the prime factors of 15791.
15791
What are the prime factors of 4582?
2, 29, 79
What are the prime factors of 179?
179
What are the prime factors of 1029?
3, 7
What are the prime factors of 4346?
2, 41, 53
List the prime factors of 19216.
2, 1201
What are the prime factors of 17251?
13, 1327
List the prime factors of 6835.
5, 1367
List the prime factors of 42.
2, 3, 7
List the prime factors of 110.
2, 5, 11
What are the prime factors of 1099?
7, 157
What are the prime factors of 30086?
2, 7, 307
List the prime factors of 3741.
3, 29, 43
What are the prime factors of 10645?
5, 2129
List the prime factors of 121.
11
What are the prime factors of 10531?
10531
List the prime factors of 5842.
2, 23, 127
What are the prime factors of 1631?
7, 233
What are the prime factors of 1112?
2, 139
What are the prime factors of 83306?
2, 23, 1811
What are the prime factors of 10339?
7, 211
What are the prime factors of 11091?
3, 3697
List the prime factors of 13165.
5, 2633
List the prime factors of 1309.
7, 11, 17
What are the prime factors of 44?
2, 11
List the prime factors of 22021.
19, 61
What are the prime factors of 92530?
2, 5, 19, 487
List the prime factors of 9623.
9623
List the prime factors of 19767.
3, 11, 599
What are the prime factors of 27306?
2, 3, 37, 41
List the prime factors of 1070.
2, 5, 107
What are the prime factors of